e the highest common factor of 96 and 15360.
96
What is the highest common factor of 176 and 208?
16
What is the greatest common factor of 36 and 8?
4
Calculate the greatest common divisor of 102 and 51.
51
Calculate the highest common factor of 25 and 9875.
25
What is the highest common divisor of 612 and 357?
51
Calculate the highest common divisor of 77 and 4669.
7
What is the greatest common divisor of 170 and 130?
10
Calculate the greatest common factor of 18 and 423.
9
Calculate the highest common factor of 4620 and 735.
105
Calculate the greatest common divisor of 8 and 5864.
8
What is the greatest common factor of 10 and 30090?
10
Calculate the greatest common divisor of 168 and 777.
21
What is the greatest common divisor of 684 and 266?
38
Calculate the highest common factor of 135 and 75.
15
Calculate the greatest common factor of 1 and 463.
1
Calculate the highest common factor of 20 and 140.
20
What is the greatest common factor of 1113 and 21?
21
Calculate the greatest common factor of 2308 and 4.
4
Calculate the highest common divisor of 583 and 2544.
53
Calculate the greatest common divisor of 44 and 935.
11
What is the greatest common divisor of 88 and 3179?
11
What is the highest common divisor of 18 and 474?
6
Calculate the highest common divisor of 32 and 4.
4
What is the highest common divisor of 490 and 70?
70
Calculate the highest common divisor of 71 and 1207.
71
Calculate the highest common factor of 2716 and 196.
28
Calculate the highest common divisor of 1314 and 949.
73
What is the highest common divisor of 118 and 944?
118
What is the highest common factor of 52 and 78?
26
What is the greatest common factor of 938 and 14?
14
Calculate the highest common divisor of 756 and 387.
9
Calculate the greatest common divisor of 26 and 4992.
26
Calculate the greatest common factor of 1266 and 12.
6
What is the greatest common factor of 350 and 10325?
175
What is the highest common divisor of 175 and 1449?
7
What is the highest common divisor of 34 and 238?
34
Calculate the highest common divisor of 121 and 11.
11
What is the highest common divisor of 16716 and 672?
84
Calculate the highest common factor of 795 and 375.
15
Calculate the highest common factor of 1923 and 3.
3
Calculate the highest common factor of 5 and 3695.
5
What is the greatest common divisor of 5720 and 120?
40
Calculate the highest common factor of 456 and 984.
24
Calculate the highest common factor of 96 and 144.
48
What is the highest common factor of 110 and 682?
22
Calculate the highest common divisor of 135 and 3186.
27
Calculate the highest common divisor of 2415 and 63.
21
What is the highest common factor of 10 and 1790?
10
What is the highest common factor of 5488 and 1029?
343
What is the greatest common divisor of 290 and 30?
10
Calculate the highest common factor of 356 and 2581.
89
What is the greatest common factor of 30 and 6330?
30
What is the greatest common divisor of 504 and 1456?
56
Calculate the greatest common divisor of 375 and 50.
25
Calculate the greatest common divisor of 28 and 1841.
7
Calculate the greatest common factor of 532 and 56.
28
Calculate the greatest common divisor of 814 and 11.
11
Calculate the greatest common factor of 56 and 2744.
56
Calculate the greatest common divisor of 36 and 2061.
9
What is the greatest common divisor of 616 and 7238?
154
What is the greatest common divisor of 18 and 63?
9
Calculate the highest common factor of 5 and 2270.
5
What is the highest common factor of 230 and 270?
10
What is the highest common factor of 105 and 21?
21
What is the highest common factor of 3485 and 85?
85
Calculate the highest common divisor of 24 and 324.
12
What is the greatest common divisor of 125 and 30375?
125
Calculate the highest common divisor of 45 and 177.
3
Calculate the highest common factor of 66 and 143.
11
Calculate the highest common factor of 1989 and 18.
9
Calculate the highest common factor of 58 and 17371.
29
What is the greatest common divisor of 377 and 5?
1
Calculate the greatest common divisor of 6435 and 55.
55
Calculate the greatest common factor of 2332 and 132.
44
What is the greatest common divisor of 92 and 13294?
46
Calculate the highest common divisor of 48 and 16.
16
Calculate the greatest common divisor of 15 and 5040.
15
What is the highest common factor of 896 and 128?
128
Calculate the greatest common factor of 118 and 3835.
59
What is the greatest common divisor of 6 and 102?
6
Calculate the highest common factor of 50 and 455.
5
What is the highest common factor of 5 and 2?
1
What is the highest common factor of 1584 and 486?
18
Calculate the greatest common divisor of 195 and 351.
39
Calculate the greatest common divisor of 1064 and 114.
38
Calculate the highest common factor of 24 and 832.
8
Calculate the highest common factor of 91 and 364.
91
What is the highest common factor of 128 and 104?
8
Calculate the greatest common factor of 81 and 43011.
81
Calculate the highest common factor of 37 and 4.
1
Calculate the greatest common divisor of 9322 and 236.
118
What is the greatest common factor of 25 and 475?
25
What is the highest common factor of 183 and 11712?
183
Calculate the greatest common divisor of 48 and 30.
6
Calculate the highest common factor of 117 and 273.
39
What is the highest common factor of 398 and 12?
2
Calculate the greatest common factor of 2734 and 2.
2
Calculate the greatest common factor of 326 and 2.
2
What is the highest common factor of 7 and 14?
7
What is the highest common divisor of 2616 and 120?
24
Calculate the highest common factor of 306 and 72.
18
Calculate the highest common factor of 1230 and 50.
10
Calculate the greatest common factor of 53 and 2915.
53
What is the highest common divisor of 844 and 44?
4
Calculate the greatest common divisor of 52 and 13988.
52
Calculate the greatest common divisor of 2373 and 63.
21
Calculate the greatest common divisor of 5 and 115.
5
Calculate the highest common factor of 22042 and 412.
206
Calculate the greatest common divisor of 14 and 322.
14
Calculate the greatest common divisor of 6 and 22.
2
Calculate the greatest common divisor of 356 and 10858.
178
Calculate the greatest common divisor of 78 and 208.
26
What is the highest common factor of 33 and 2937?
33
Calculate the greatest common factor of 40 and 160.
40
What is the greatest common factor of 1026 and 48?
6
What is the greatest common divisor of 120 and 3225?
15
Calculate the greatest common factor of 3454 and 314.
314
Calculate the highest common divisor of 23 and 74.
1
What is the highest common divisor of 252 and 2388?
12
What is the highest common factor of 10054 and 66?
22
Calculate the highest common factor of 28 and 1722.
14
What is the highest common factor of 190 and 30?
10
What is the greatest common divisor of 63 and 112?
7
Calculate the highest common divisor of 2760 and 720.
120
Calculate the greatest common divisor of 253 and 2.
1
What is the highest common divisor of 169 and 35659?
169
Calculate the highest common factor of 182 and 52.
26
Calculate the greatest common factor of 21 and 525.
21
What is the highest common factor of 14 and 7?
7
What is the highest common divisor of 642 and 93?
3
Calculate the greatest common divisor of 20 and 8.
4
What is the highest common factor of 168 and 24?
24
Calculate the highest common factor of 32193 and 219.
219
What is the highest common divisor of 120 and 45?
15
What is the greatest common factor of 195 and 26?
13
Calculate the greatest common factor of 345 and 35765.
115
What is the highest common divisor of 759 and 276?
69
Calculate the highest common factor of 186 and 118.
2
Calculate the highest common divisor of 54 and 1224.
18
What is the greatest common factor of 3058 and 22?
22
What is the highest common divisor of 2156 and 132?
44
Calculate the greatest common factor of 156 and 6786.
78
Calculate the highest common divisor of 196 and 140.
28
What is the highest common factor of 20 and 132?
4
Calculate the highest common divisor of 169 and 13.
13
Calculate the greatest common factor of 1139 and 68.
17
Calculate the highest common divisor of 18 and 6.
6
What is the greatest common factor of 48 and 121872?
48
What is the greatest common divisor of 19380 and 170?
170
Calcu